{"id":7046,"date":"2024-12-02T15:34:14","date_gmt":"2024-12-02T14:34:14","guid":{"rendered":"https:\/\/novacademia.co.ao\/cursos\/?post_type=product&#038;p=7046"},"modified":"2025-01-09T12:01:00","modified_gmt":"2025-01-09T11:01:00","slug":"o-lado-oculto-do-empreendedorismo-livro-em-audio","status":"publish","type":"product","link":"https:\/\/novacademia.co.ao\/cursos\/produto\/o-lado-oculto-do-empreendedorismo-livro-em-audio\/","title":{"rendered":"O Lado Oculto do Empreendedorismo \u2013 Livro em \u00c1udio"},"content":{"rendered":"","protected":false},"excerpt":{"rendered":"","protected":false},"featured_media":7116,"comment_status":"closed","ping_status":"closed","template":"","meta":{"pmpro_default_level":""},"product_brand":[],"product_cat":[154],"product_tag":[],"class_list":{"0":"post-7046","1":"product","2":"type-product","3":"status-publish","4":"has-post-thumbnail","6":"product_cat-livro","7":"pmpro-has-access","9":"first","10":"instock","11":"virtual","12":"purchasable","13":"product-type-simple"},"yoast_head":"<!-- This site is optimized with the Yoast SEO plugin v26.9 - https:\/\/yoast.com\/product\/yoast-seo-wordpress\/ -->\n<title>O Lado Oculto do Empreendedorismo \u2013 Livro em \u00c1udio - NOVACADEMIA<\/title>\n<meta name=\"robots\" content=\"index, follow, max-snippet:-1, max-image-preview:large, max-video-preview:-1\" \/>\n<link rel=\"canonical\" href=\"https:\/\/novacademia.co.ao\/cursos\/produto\/o-lado-oculto-do-empreendedorismo-livro-em-audio\/\" \/>\n<meta property=\"og:locale\" content=\"pt_PT\" \/>\n<meta property=\"og:type\" content=\"article\" \/>\n<meta property=\"og:title\" content=\"O Lado Oculto do Empreendedorismo \u2013 Livro em \u00c1udio - NOVACADEMIA\" \/>\n<meta property=\"og:url\" content=\"https:\/\/novacademia.co.ao\/cursos\/produto\/o-lado-oculto-do-empreendedorismo-livro-em-audio\/\" \/>\n<meta property=\"og:site_name\" content=\"NOVACADEMIA\" \/>\n<meta property=\"article:modified_time\" content=\"2025-01-09T11:01:00+00:00\" \/>\n<meta property=\"og:image\" content=\"https:\/\/novacademia.co.ao\/cursos\/wp-content\/uploads\/2024\/12\/Post_Redes_Sociais_imagem_livro_sem_fundo.png\" \/>\n\t<meta property=\"og:image:width\" content=\"500\" \/>\n\t<meta property=\"og:image:height\" content=\"500\" \/>\n\t<meta property=\"og:image:type\" content=\"image\/png\" \/>\n<meta name=\"twitter:card\" content=\"summary_large_image\" \/>\n<meta name=\"twitter:label1\" content=\"Tempo estimado de leitura\" \/>\n\t<meta name=\"twitter:data1\" content=\"1 minuto\" \/>\n<script type=\"application\/ld+json\" class=\"yoast-schema-graph\">{\"@context\":\"https:\/\/schema.org\",\"@graph\":[{\"@type\":\"WebPage\",\"@id\":\"https:\/\/novacademia.co.ao\/cursos\/produto\/o-lado-oculto-do-empreendedorismo-livro-em-audio\/\",\"url\":\"https:\/\/novacademia.co.ao\/cursos\/produto\/o-lado-oculto-do-empreendedorismo-livro-em-audio\/\",\"name\":\"O Lado Oculto do Empreendedorismo \u2013 Livro em \u00c1udio - NOVACADEMIA\",\"isPartOf\":{\"@id\":\"https:\/\/novacademia.co.ao\/cursos\/#website\"},\"primaryImageOfPage\":{\"@id\":\"https:\/\/novacademia.co.ao\/cursos\/produto\/o-lado-oculto-do-empreendedorismo-livro-em-audio\/#primaryimage\"},\"image\":{\"@id\":\"https:\/\/novacademia.co.ao\/cursos\/produto\/o-lado-oculto-do-empreendedorismo-livro-em-audio\/#primaryimage\"},\"thumbnailUrl\":\"https:\/\/novacademia.co.ao\/cursos\/wp-content\/uploads\/2024\/12\/Post_Redes_Sociais_imagem_livro_sem_fundo.png\",\"datePublished\":\"2024-12-02T14:34:14+00:00\",\"dateModified\":\"2025-01-09T11:01:00+00:00\",\"breadcrumb\":{\"@id\":\"https:\/\/novacademia.co.ao\/cursos\/produto\/o-lado-oculto-do-empreendedorismo-livro-em-audio\/#breadcrumb\"},\"inLanguage\":\"pt-PT\",\"potentialAction\":[{\"@type\":\"ReadAction\",\"target\":[\"https:\/\/novacademia.co.ao\/cursos\/produto\/o-lado-oculto-do-empreendedorismo-livro-em-audio\/\"]}]},{\"@type\":\"ImageObject\",\"inLanguage\":\"pt-PT\",\"@id\":\"https:\/\/novacademia.co.ao\/cursos\/produto\/o-lado-oculto-do-empreendedorismo-livro-em-audio\/#primaryimage\",\"url\":\"https:\/\/novacademia.co.ao\/cursos\/wp-content\/uploads\/2024\/12\/Post_Redes_Sociais_imagem_livro_sem_fundo.png\",\"contentUrl\":\"https:\/\/novacademia.co.ao\/cursos\/wp-content\/uploads\/2024\/12\/Post_Redes_Sociais_imagem_livro_sem_fundo.png\",\"width\":500,\"height\":500},{\"@type\":\"BreadcrumbList\",\"@id\":\"https:\/\/novacademia.co.ao\/cursos\/produto\/o-lado-oculto-do-empreendedorismo-livro-em-audio\/#breadcrumb\",\"itemListElement\":[{\"@type\":\"ListItem\",\"position\":1,\"name\":\"In\u00edcio\",\"item\":\"https:\/\/novacademia.co.ao\/cursos\/\"},{\"@type\":\"ListItem\",\"position\":2,\"name\":\"Shop\",\"item\":\"https:\/\/novacademia.co.ao\/cursos\/shop\/\"},{\"@type\":\"ListItem\",\"position\":3,\"name\":\"O Lado Oculto do Empreendedorismo \u2013 Livro em \u00c1udio\"}]},{\"@type\":\"WebSite\",\"@id\":\"https:\/\/novacademia.co.ao\/cursos\/#website\",\"url\":\"https:\/\/novacademia.co.ao\/cursos\/\",\"name\":\"novacademia\",\"description\":\"Plataforma Digital Corporativa dedicado \u00e0 Forma\u00e7\u00e3o T\u00e9cnica e Profissional em Vendas\",\"publisher\":{\"@id\":\"https:\/\/novacademia.co.ao\/cursos\/#organization\"},\"potentialAction\":[{\"@type\":\"SearchAction\",\"target\":{\"@type\":\"EntryPoint\",\"urlTemplate\":\"https:\/\/novacademia.co.ao\/cursos\/?s={search_term_string}\"},\"query-input\":{\"@type\":\"PropertyValueSpecification\",\"valueRequired\":true,\"valueName\":\"search_term_string\"}}],\"inLanguage\":\"pt-PT\"},{\"@type\":\"Organization\",\"@id\":\"https:\/\/novacademia.co.ao\/cursos\/#organization\",\"name\":\"novacademia\",\"url\":\"https:\/\/novacademia.co.ao\/cursos\/\",\"logo\":{\"@type\":\"ImageObject\",\"inLanguage\":\"pt-PT\",\"@id\":\"https:\/\/novacademia.co.ao\/cursos\/#\/schema\/logo\/image\/\",\"url\":\"https:\/\/novacademia.co.ao\/cursos\/wp-content\/uploads\/2024\/06\/logoemail-471x96.png\",\"contentUrl\":\"https:\/\/novacademia.co.ao\/cursos\/wp-content\/uploads\/2024\/06\/logoemail-471x96.png\",\"width\":476,\"height\":97,\"caption\":\"novacademia\"},\"image\":{\"@id\":\"https:\/\/novacademia.co.ao\/cursos\/#\/schema\/logo\/image\/\"}}]}<\/script>\n<!-- \/ Yoast SEO plugin. -->","yoast_head_json":{"title":"O Lado Oculto do Empreendedorismo \u2013 Livro em \u00c1udio - NOVACADEMIA","robots":{"index":"index","follow":"follow","max-snippet":"max-snippet:-1","max-image-preview":"max-image-preview:large","max-video-preview":"max-video-preview:-1"},"canonical":"https:\/\/novacademia.co.ao\/cursos\/produto\/o-lado-oculto-do-empreendedorismo-livro-em-audio\/","og_locale":"pt_PT","og_type":"article","og_title":"O Lado Oculto do Empreendedorismo \u2013 Livro em \u00c1udio - NOVACADEMIA","og_url":"https:\/\/novacademia.co.ao\/cursos\/produto\/o-lado-oculto-do-empreendedorismo-livro-em-audio\/","og_site_name":"NOVACADEMIA","article_modified_time":"2025-01-09T11:01:00+00:00","og_image":[{"width":500,"height":500,"url":"https:\/\/novacademia.co.ao\/cursos\/wp-content\/uploads\/2024\/12\/Post_Redes_Sociais_imagem_livro_sem_fundo.png","type":"image\/png"}],"twitter_card":"summary_large_image","twitter_misc":{"Tempo estimado de leitura":"1 minuto"},"schema":{"@context":"https:\/\/schema.org","@graph":[{"@type":"WebPage","@id":"https:\/\/novacademia.co.ao\/cursos\/produto\/o-lado-oculto-do-empreendedorismo-livro-em-audio\/","url":"https:\/\/novacademia.co.ao\/cursos\/produto\/o-lado-oculto-do-empreendedorismo-livro-em-audio\/","name":"O Lado Oculto do Empreendedorismo \u2013 Livro em \u00c1udio - NOVACADEMIA","isPartOf":{"@id":"https:\/\/novacademia.co.ao\/cursos\/#website"},"primaryImageOfPage":{"@id":"https:\/\/novacademia.co.ao\/cursos\/produto\/o-lado-oculto-do-empreendedorismo-livro-em-audio\/#primaryimage"},"image":{"@id":"https:\/\/novacademia.co.ao\/cursos\/produto\/o-lado-oculto-do-empreendedorismo-livro-em-audio\/#primaryimage"},"thumbnailUrl":"https:\/\/novacademia.co.ao\/cursos\/wp-content\/uploads\/2024\/12\/Post_Redes_Sociais_imagem_livro_sem_fundo.png","datePublished":"2024-12-02T14:34:14+00:00","dateModified":"2025-01-09T11:01:00+00:00","breadcrumb":{"@id":"https:\/\/novacademia.co.ao\/cursos\/produto\/o-lado-oculto-do-empreendedorismo-livro-em-audio\/#breadcrumb"},"inLanguage":"pt-PT","potentialAction":[{"@type":"ReadAction","target":["https:\/\/novacademia.co.ao\/cursos\/produto\/o-lado-oculto-do-empreendedorismo-livro-em-audio\/"]}]},{"@type":"ImageObject","inLanguage":"pt-PT","@id":"https:\/\/novacademia.co.ao\/cursos\/produto\/o-lado-oculto-do-empreendedorismo-livro-em-audio\/#primaryimage","url":"https:\/\/novacademia.co.ao\/cursos\/wp-content\/uploads\/2024\/12\/Post_Redes_Sociais_imagem_livro_sem_fundo.png","contentUrl":"https:\/\/novacademia.co.ao\/cursos\/wp-content\/uploads\/2024\/12\/Post_Redes_Sociais_imagem_livro_sem_fundo.png","width":500,"height":500},{"@type":"BreadcrumbList","@id":"https:\/\/novacademia.co.ao\/cursos\/produto\/o-lado-oculto-do-empreendedorismo-livro-em-audio\/#breadcrumb","itemListElement":[{"@type":"ListItem","position":1,"name":"In\u00edcio","item":"https:\/\/novacademia.co.ao\/cursos\/"},{"@type":"ListItem","position":2,"name":"Shop","item":"https:\/\/novacademia.co.ao\/cursos\/shop\/"},{"@type":"ListItem","position":3,"name":"O Lado Oculto do Empreendedorismo \u2013 Livro em \u00c1udio"}]},{"@type":"WebSite","@id":"https:\/\/novacademia.co.ao\/cursos\/#website","url":"https:\/\/novacademia.co.ao\/cursos\/","name":"novacademia","description":"Plataforma Digital Corporativa dedicado \u00e0 Forma\u00e7\u00e3o T\u00e9cnica e Profissional em Vendas","publisher":{"@id":"https:\/\/novacademia.co.ao\/cursos\/#organization"},"potentialAction":[{"@type":"SearchAction","target":{"@type":"EntryPoint","urlTemplate":"https:\/\/novacademia.co.ao\/cursos\/?s={search_term_string}"},"query-input":{"@type":"PropertyValueSpecification","valueRequired":true,"valueName":"search_term_string"}}],"inLanguage":"pt-PT"},{"@type":"Organization","@id":"https:\/\/novacademia.co.ao\/cursos\/#organization","name":"novacademia","url":"https:\/\/novacademia.co.ao\/cursos\/","logo":{"@type":"ImageObject","inLanguage":"pt-PT","@id":"https:\/\/novacademia.co.ao\/cursos\/#\/schema\/logo\/image\/","url":"https:\/\/novacademia.co.ao\/cursos\/wp-content\/uploads\/2024\/06\/logoemail-471x96.png","contentUrl":"https:\/\/novacademia.co.ao\/cursos\/wp-content\/uploads\/2024\/06\/logoemail-471x96.png","width":476,"height":97,"caption":"novacademia"},"image":{"@id":"https:\/\/novacademia.co.ao\/cursos\/#\/schema\/logo\/image\/"}}]}},"_links":{"self":[{"href":"https:\/\/novacademia.co.ao\/cursos\/wp-json\/wp\/v2\/product\/7046","targetHints":{"allow":["GET"]}}],"collection":[{"href":"https:\/\/novacademia.co.ao\/cursos\/wp-json\/wp\/v2\/product"}],"about":[{"href":"https:\/\/novacademia.co.ao\/cursos\/wp-json\/wp\/v2\/types\/product"}],"replies":[{"embeddable":true,"href":"https:\/\/novacademia.co.ao\/cursos\/wp-json\/wp\/v2\/comments?post=7046"}],"wp:featuredmedia":[{"embeddable":true,"href":"https:\/\/novacademia.co.ao\/cursos\/wp-json\/wp\/v2\/media\/7116"}],"wp:attachment":[{"href":"https:\/\/novacademia.co.ao\/cursos\/wp-json\/wp\/v2\/media?parent=7046"}],"wp:term":[{"taxonomy":"product_brand","embeddable":true,"href":"https:\/\/novacademia.co.ao\/cursos\/wp-json\/wp\/v2\/product_brand?post=7046"},{"taxonomy":"product_cat","embeddable":true,"href":"https:\/\/novacademia.co.ao\/cursos\/wp-json\/wp\/v2\/product_cat?post=7046"},{"taxonomy":"product_tag","embeddable":true,"href":"https:\/\/novacademia.co.ao\/cursos\/wp-json\/wp\/v2\/product_tag?post=7046"}],"curies":[{"name":"wp","href":"https:\/\/api.w.org\/{rel}","templated":true}]}}